h**3 + 2*h + h + 3 - 3*h + h. Let l(b) = b**3 + 14*b**2 - b - 10. Let p be l(-14). Determine o(p).
-25
Let f be -2 - -3 - 68/(-17). Let q(m) = 5 + 4*m**2 + 2*m**2 - 5*m + f*m**2 - 12*m**2. What is q(-8)?
-19
Let t = -2 + 6. Let i(l) = 37 - 2*l + t*l + l**2 - 42. What is i(-4)?
3
Let z(o) = o**2 + 2*o + 3. Let g be z(-3). Let b(t) = -10*t + 5 - g*t**2 + 7 + 8. Let p(m) = -m**2 - 2*m + 4. Let w(h) = 2*b(h) - 11*p(h). Determine w(3).
-7
Let k(t) be the second derivative of 6*t**2 + 1/20*t**5 - 7/12*t**4 - 23*t - 2*t**3 + 0. What is k(8)?
-20
Let c(o) be the second derivative of o**5/20 - o**4/2 + o**3 + 7*o**2/2 + 33*o. Calculate c(5).
12
Let z(j) be the second derivative of -5*j**3/6 + j**2/2 + 11*j. Let l(m) = -m. Let i(g) = -9*l(g) + 2*z(g). Give i(7).
-5
Let t(w) = w - 6. Let h be t(6). Let o = 33 + -26. Let k(v) = -v**3 - 13*v + o*v + 1 + 7*v + 0 - v**2. Give k(h).
1
Let s(q) = -q**2 - 6*q - 1. Let x = -5 - -5. Suppose -p + 3*p - 2 = x. Suppose 4*t - p = -f + 3, 3*t = -f + 2. Determine s(f).
7
Suppose 5*g - 6 = 3*g. Let s(k) be the first derivative of k + k**4 + 0*k**2 - 6 - 2/3*k**g. Calculate s(-1).
-5
Let q(b) be the second derivative of b**3/2 - 4*b**2 + b. Let g(k) = 72 - 40 + 8*k - 55. Let j(v) = 4*g(v) - 11*q(v). Give j(-6).
2
Let q(a) be the second derivative of -a**4/12 + 5*a**3/6 + 3*a**2/2 - 102*a. Calculate q(3).
9
Let g(f) = -2*f**3 - 4*f**2 - 4*f - 2. Suppose -29*y = 26 + 32. What is g(y)?
6
Let u(s) = -22*s + 1 + s - 1 + 4*s. Give u(-1).
17
Let q(f) = 3*f + 1. Let z(a) = 14*a + 2. Let u(c) = 5*q(c) - z(c). Calculate u(0).
3
Let d(v) = v**2 + 14*v - 26 + 18 + 10 + 5*v. Determine d(-19).
2
Let c = -186 + 190. Let i(w) be the third derivative of 0 - c*w**2 + 0*w**3 + 0*w - 1/12*w**4. Determine i(-1).
2
Let z(n) = -8 + 15*n**2 + 14*n**2 - 30*n**2 - 3*n - 4*n. Let m(v) = 0*v + 2*v + 6 - 5*v. Let l be m(4). What is z(l)?
-2
Let i(z) = -11*z - 8. Let w(k) = 2. Let x(s) = i(s) + 5*w(s). Give x(1).
-9
Let a(f) = -13*f**2 + 28*f + 4. Let q(j) = 11*j**2 - 26*j - 4. Let o(n) = -5*a(n) - 6*q(n). What is o(16)?
4
Let f(b) = 3*b**2 + 0*b**2 - 3 + 4*b**3 - 3*b**3 + b. Suppose -5*m + y = 2*y + 19, -2*m + 6 = -3*y. Give f(m).
-6
Let k be (1 + -1)*5/10. Suppose k = -3*g - g + 16. Let t(h) = -3 + g - 1 + 4*h. What is t(-2)?
-8
Let b(r) = 3*r**2 + 13*r - 14. Let o(c) = -7*c**2 - 26*c + 30. Let a(d) = 9*b(d) + 4*o(d). What is a(12)?
6
Suppose 6*y + 18 = 2*w + 2*y, 5*w - 3*y = 24. Suppose -5*c + 18 = w. Let i(t) = t**2 - 2. What is i(c)?
7
Let j(i) = 11*i + 4 - 4*i + 2*i**2 - i**2. Let t(z) = -15*z**2 + 480*z - 6. Let v be t(32). Give j(v).
-2
Let q(m) = 2*m + 10. Suppose 3*a + 68 = 5*j, 0 = 4*j + 2*a + 1 - 73. Let d = j - 23. What is q(d)?
-4
Let o(l) = -l**3 + 22*l - 7 - 30*l + 11*l - 4*l**2 + 2 + 2. What is o(-5)?
7
Let a(x) be the first derivative of x**2/2 + 2*x - 11. What is a(7)?
9
Let d(q) be the second derivative of -1/3*q**3 + 22*q - 3/2*q**2 + 0. What is d(4)?
-11
Let g(v) be the third derivative of 0 - 5/6*v**3 + 2*v**2 + 0*v - 1/24*v**4. Calculate g(-6).
1
Let a(z) = 3*z**2 + 7*z + 10. Let l(w) = 3*w**2 + 11*w + 12. Let n(c) = 6*a(c) - 5*l(c). Calculate n(6).
30
Suppose 3 = -3*t + 9. Let x(f) = f**3 - f**2 + f - 3. What is x(t)?
3
Let h(w) = w**3 + 7*w**2 + 3*w + 5. Let o(m) = 32*m - 196. Let u be o(6). Give h(u).
41
Suppose -545*f + 550*f = 15. Let l(o) be the second derivative of -o**4/12 + o**3/2 - 2*o. What is l(f)?
0
Suppose 11*g - 6*g - 25 = 0. Let p(w) = 40 - 37 + w**2 - 4*w + 0*w**2. Determine p(g).
8
Suppose -4*o + 74 = 5*d, -4*o = 16*d - 15*d - 18. Let u(v) = v**2 - 16*v + 19. Calculate u(d).
-9
Let c(t) = 2*t**2 - 7*t + 11. Let k(y) = 4*y**2 - 15*y + 30. Let j(n) = 5*c(n) - 2*k(n). Determine j(-4).
47
Let z(h) = -h**2 + 2*h + 14. Let b be z(0). Suppose -3*p = -f - 19, 5*f + b + 9 = 3*p. Let k(v) = 0 - 3*v + 4*v - 5. Determine k(p).
1
Let l = -662 + 677. Let n(d) = d - 34. Give n(l).
-19
Let b(i) be the first derivative of 2*i**3 - 1/4*i**4 + 5*i + 8 - 7/2*i**2. What is b(5)?
-5
Suppose 0 = 3*u + 10 - 16. Let p(k) = 2*k**2 + 6*k + 5. Let q(y) = 5*y**2 + 17*y + 14. Let s(n) = -17*p(n) + 6*q(n). Determine s(u).
-17
Let p(f) = -3*f**2 - 3*f. Let s = 18 - 16. Let d(m) = -7*m**2 - 5*m - 1. Let y(k) = s*d(k) - 5*p(k). Give y(-5).
-2
Let c be (-3*1/(-3))/(-1). Let z be 9/15*(-10)/(-2). Let n(s) = 1 + 9*s**3 + 2*s + 0*s**z - 3*s**3. What is n(c)?
-7
Let f = -7 + 3. Let o(a) = a**2 + 19*a + 68. Let w be o(-15). Let l be f/w*-4 - 3. Let g(q) = q + 1. Determine g(l).
0
Let q(d) = -d + 4. Let r = 8 + -9. Let y = 1 - r. Suppose 3*k - 5*b - 20 = -y*k, 4*b = -16. Give q(k).
4
Let d(y) = 6*y + 6*y - 12 - 31*y + 15*y. Determine d(-4).
4
Let r be (3/6)/(7/154). Let y(i) = -i**3 + 12*i**2 - 13*i + 7. Give y(r).
-15
Let l(p) = -p - 3. Suppose 3*k = -0*k - 15. Let s = -1 - k. Suppose -s = -n, 0 = -3*m + 2*n + 3*n - 38. Determine l(m).
3
Let c(r) = -r**3 - 5*r**2 - 3*r - 1. Suppose -7 + 2 = 5*k. Let u be ((-12)/(-15))/(k/5). Give c(u).
-5
Let r(z) be the third derivative of -z**4/24 + 13*z**3/6 + 423*z**2. Determine r(6).
7
Suppose u = -4*f + 13, -2*u - f = 4*f - 17. Let n(d) = -8*d. Determine n(u).
-8
Let o(a) = 8*a - 3. Suppose -926 = 17*l - 977. Calculate o(l).
21
Suppose -4*q - 8 = 0, 119*y - 123*y - 122 = q. Let k(d) = -d**3 - 31*d**2 - 29*d + 32. What is k(y)?
2
Let b(q) = -q**2 + 5*q - 5. Let k be 4/10 - 365/(-25). Suppose -a = -3*i - 17, a + 0*a + 5*i + k = 0. What is b(a)?
-5
Let u(o) = 4*o - 3. Let d be u(3). Let k be (6/d)/((-4)/(-6)). Let c(j) = 3*j + 2*j - 2*j + k. Determine c(2).
7
Let r be ((-5)/(-15))/(4/72). Let a(d) = -d**3 + 5*d**2 + 6*d + 6. Let y(l) = l. Let j(q) = -a(q) + y(q). What is j(r)?
0
Let s(f) = 4*f + 5. Let w be s(9). Let o = -40 + w. Let l(n) = -7*n + 1. What is l(o)?
-6
Let b(h) = h**2 - h - 1. Let p be 2/((1 + 2)/3). Let u(n) = -n**2 + 7*n - 3. Let c be u(p). Suppose -c = -a - 9. Determine b(a).
5
Suppose 3*y + 11 = z, -2*y + 1 = 4*z - 3*z. Let h(t) = t**3 - 4*t**2 - 3*t - 16. Give h(z).
-6
Let i(t) = t - 15. Let g(b) = 4*b - 63. Let c(w) = -4*g(w) + 17*i(w). Suppose 2*y + 4*l - 49 = -15, -2*y + 5*l - 2 = 0. What is c(y)?
6
Let d(s) = 3. Let o(g) = -g + 7. Let x(a) = -5*d(a) + 3*o(a). Let k = -12 - -7. Give x(k).
21
Suppose -3*a + 2*a + 4 = 0. Suppose 3*l - 4*l = -a*y - 4, -y - 3*l = -12. Suppose y*q - 5*q - 10 = 0. Let h(u) = u. Determine h(q).
-2
Let o(v) be the third derivative of -v**5/60 - 7*v**4/24 + v**3/3 - 33*v**2. Determine o(-4).
14
Let f(n) = -16*n - 1. Let z(m) = 19*m + 1. Let y(u) = 6*f(u) + 5*z(u). Let j(g) = -2*g - 3. Let d be j(-4). Calculate y(d).
-6
Let a(u) = -1 + 3*u + 2 + 1 + 5*u**2 - 8 - u**3. Suppose 0 = 3*i - 3*m, -5*i + 40 = -0*i + 3*m. Determine a(i).
9
Let r(c) = -c - 3. Let j be (6/(-9))/((-2)/15). Suppose 4*d = -4*f - 3 + 19, 0 = j*f + 3*d - 18. Suppose -m = f*m. Determine r(m).
-3
Let j(t) = 28*t**3 - 6*t**2 - t - 10. Let h(s) = 13*s**3 - 3*s**2 - 5. Let k(c) = -13*h(c) + 6*j(c). Determine k(3).
-13
Let j(v) = 4*v - 3. Let m(x) = -7*x + 6. Suppose 0*q + 2*q - 2 = -4*y, -19 = -5*q - 3*y. Let l(p) = q*j(p) + 3*m(p). Calculate l(-7).
10
Suppose -w + 21 = 19. Let f(q) be the first derivative of -q**4/2 + q**3 - 2*q**2 + 3*q - 13. Give f(w).
-9
Let z(x) be the third derivative of -25*x**2 - 1/6*x**4 + 1/60*x**5 + 0*x - 7/6*x**3 + 0. Calculate z(5).
-2
Let w(k) = 5*k**2 + 2*k - 3. Let x(r) = r**2 - r. Let z(h) = -w(h) + 6*x(h). Determine z(6).
-9
Suppose 0 = -c + 6*c - 25. Suppose b - 9 = -2*b. Let m(k) = 29*k**2 - 5*k - 3. Let d(i) = -15*i**2 + 3*i + 2. Let u(z) = b*m(z) + c*d(z). Calculate u(-1).
13
Let w(m) = m + 4. Suppose 0*u + 5*u = 60. Let p be 1/(-2) + (-4698)/u. Let x be p/(-63) + 2/(-9). Calculate w(x).
10
Let w(z) = -z**2 - 7*z - 4. Let y(j) = -j**3 - j**2 + 11. Let d be y(0). Let t = d + -17. Give w(t).
2
Let y(d) = d**3 + 10*d**2 + 25*d + 25. Let s be y(-7). Let m(z) = -z**3 - 2*z**2 + 4*z - 3. Determine m(s).
-6
Let s(n) be the third derivative of n**4/24 - 7*n**3/3 + n**2. Let j be s(5). Let y be (-32)/(-12) + (-3)/j. Let u(f) = -f**3 + 3*f**2 + 2*f - 3. Give u(y).
3
Let j(o) = o**3 - 4*o**2 + 4*o - 4. Suppose 2*h + 12 = 4. Let y be 65/25 - h/10. Determine j(y).
-1
Let p(z) = 2*z - 60. Suppose 0 = -4*b + 3*h + 114, -124 = 7*b - 11*b - 2*h. What is p(b)?
0
Let x(z) = -z*